alse
Is 5674977577 a composite number?
True
Is 4161457967 prime?
True
Is 4324149433 composite?
True
Is 537615094 prime?
False
Is 974378099 composite?
True
Is 4644344787 composite?
True
Is 197683447161 prime?
False
Is 464698263 a prime number?
False
Is 226215449 composite?
True
Is 1543421773 a composite number?
False
Is 95902240673 a composite number?
False
Is 52335017461 prime?
True
Is 2626767721 a prime number?
False
Is 14780458921 prime?
True
Is 1541631727 composite?
False
Is 96008717 prime?
False
Is 73288710613 composite?
False
Is 543348087 a prime number?
False
Is 88969532219 a composite number?
True
Is 187231605007 a composite number?
False
Is 7132678313 a composite number?
True
Is 3378811661 a prime number?
True
Is 20329054453 composite?
False
Is 62351282407 a prime number?
True
Is 1602576809 a prime number?
False
Is 3910543951 composite?
True
Is 7476767923 a prime number?
False
Is 5967809089 prime?
False
Is 524344019 a composite number?
False
Is 7360385 a composite number?
True
Is 5849642389 prime?
False
Is 17046444097 a composite number?
False
Is 7702046447 a composite number?
True
Is 2241200021 a composite number?
True
Is 34542389993 a prime number?
True
Is 17877553391 a prime number?
False
Is 6171138197 prime?
False
Is 331371793 prime?
False
Is 4724341417 a composite number?
True
Is 25589973499 composite?
False
Is 26672222851 a composite number?
True
Is 20350141793 a prime number?
True
Is 95239632991 prime?
True
Is 7341206687 composite?
False
Is 173146187 a prime number?
False
Is 4967507761 a composite number?
False
Is 17136218531 composite?
True
Is 41153624429 prime?
False
Is 94329387941 a composite number?
True
Is 122382358223 composite?
True
Is 5748003951 a prime number?
False
Is 17598877523 a prime number?
True
Is 2336024333 composite?
False
Is 3935283749 a prime number?
True
Is 90363731 a prime number?
False
Is 7746723019 prime?
False
Is 4021747942 prime?
False
Is 1211293813 a composite number?
False
Is 2011612429 a prime number?
True
Is 2559809477 a composite number?
False
Is 21256388287 a composite number?
False
Is 8590446457 a prime number?
True
Is 67212803 a composite number?
True
Is 101924822261 a composite number?
False
Is 5003498807 a composite number?
False
Is 1134630979 a prime number?
True
Is 2024995958 prime?
False
Is 1277333389 prime?
True
Is 182506967 composite?
True
Is 554292542 composite?
True
Is 672965719 a composite number?
False
Is 4862699447 prime?
True
Is 26383169 a composite number?
False
Is 6857112649 prime?
False
Is 48626770631 composite?
False
Is 12313213243 a prime number?
False
Is 109811589 composite?
True
Is 9238629067 a prime number?
False
Is 492297217 a prime number?
False
Is 557466823 a composite number?
False
Is 219655361 a prime number?
False
Is 7785702437 a composite number?
False
Is 6654749485 a prime number?
False
Is 46097018993 composite?
True
Is 130095499 a composite number?
True
Is 128630767 a composite number?
True
Is 356303587 a composite number?
True
Is 66552212567 composite?
True
Is 4316493979 composite?
True
Is 1011920341 a prime number?
False
Is 2082304219 composite?
False
Is 456079997 a prime number?
False
Is 2622900779 prime?
False
Is 2787637 prime?
False
Is 193531796369 a prime number?
True
Is 26562016499 a prime number?
True
Is 1515965149 a composite number?
True
Is 959671013 a prime number?
False
Is 133595140963 composite?
False
Is 29183813 a composite number?
False
Is 379554330065 a composite number?
True
Is 434222111 a composite number?
True
Is 2222005769 prime?
True
Is 2168982169 a composite number?
False
Is 1574936273 composite?
False
Is 24160469651 a composite number?
True
Is 150953849 prime?
False
Is 9350966441 prime?
True
Is 203729623 a composite number?
False
Is 9986968753 a prime number?
False
Is 1658047999 composite?
True
Is 136071698431 a prime number?
True
Is 62100917161 composite?
True
Is 65037892861 prime?
False
Is 303345743 a composite number?
True
Is 384549793 prime?
True
Is 328457598907 prime?
True
Is 6398237609 a composite number?
False
Is 29639314253 a composite number?
False
Is 52405123267 a prime number?
False
Is 135991117 prime?
True
Is 4151148059 a prime number?
False
Is 1346599523 composite?
False
Is 332931617 a prime number?
True
Is 7645074133 a composite number?
True
Is 19151925673 a prime number?
True
Is 1312228479 prime?
False
Is 2348618093 a prime number?
True
Is 19848120703 a composite number?
True
Is 220590569 a composite number?
False
Is 7748197829 a composite number?
True
Is 3201705515 prime?
False
Is 23163562151 a prime number?
True
Is 117339449 a prime number?
False
Is 2428233517 composite?
True
Is 4459629331 a composite number?
True
Is 11012111443 a prime number?
False
Is 343791445 a prime number?
False
Is 11340919609 a prime number?
False
Is 2019700223 a composite number?
True
Is 163513733 composite?
True
Is 189522121 prime?
False
Is 1572480359 a prime number?
False
Is 377880541 prime?
True
Is 724592597 prime?
True
Is 37211854789 composite?
False
Is 119939275171 a composite number?
True
Is 7361442653 composite?
False
Is 3155015537 a prime number?
False
Is 420514733 a prime number?
False
Is 60809894599 a prime number?
False
Is 5138719349 prime?
True
Is 34877532641 a prime number?
False
Is 569032507 composite?
False
Is 7001609737 a prime number?
False
Is 5693904763 composite?
False
Is 52946133235 prime?
False
Is 1288110949 prime?
True
Is 36339291767 prime?
True
Is 99643206367 prime?
False
Is 7226915879 a prime number?
True
Is 22490258489 a composite number?
False
Is 671121203 a composite number?
False
Is 911872019 composite?
False
Is 13074635429 prime?
True
Is 267904464697 a composite number?
True
Is 99981613 a composite number?
False
Is 1504072187 composite?
True
Is 1549606235 a composite number?
True
Is 1147381843 prime?
False
Is 38455028531 composite?
True
Is 284895901 a composite number?
False
Is 11957843965 a prime number?
False
Is 10874740049 composite?
False
Is 720998413 a prime number?
True
Is 1739988389 a prime number?
False
Is 14813823581 prime?
False
Is 25168419083 a composite number?
False
Is 7641567293 prime?
False
Is 2070702233 a composite number?
False
Is 28917090113 composite?
True
Is 426682693 a prime number?
True
Is 90109367863 a composite number?
False
Is 53262558113 a prime number?
True
Is 10995008847 prime?
False
Is 27956864929 composite?
True
Is 5651311571 prime?
False
Is 123131941 prime?
False
Is 279731759 prime?
False
Is 94359122477 composite?
False
Is 2551196859 a prime number?
False
Is 231694361 a composite number?
True
Is 7002691831 a prime number?
True
Is 2251464697 a composite number?
False
Is 16935316187 composite?
True
Is 152714592473 a composite number?
True
Is 623560711 composite?
True
Is 917693474957 a composite number?
True
Is 4523103119 composite?
False
Is 53753701927 a composite number?
False
Is 3231630553 prime?
True
Is 110261469 a composite number?
True
Is 71330733367 a prime number?
False
Is 6393882251 prime?
False
Is 354705311 a composite number?
False
Is 86327806 a prime number?
False
Is 33435122951 composite?
False
Is 11631073603 a prime number?
False
Is 1416520659 a composite number?
True
Is 1587585278 composite?
True
Is 24407146843 a prime number?
True
Is 5310452831 prime?
True
Is 373411253 composite?
False
Is 99394379 prime?
False
Is 4048724027 prime?
True
Is 11362551913 prime?
False
Is 481743017 a composite number?
True
Is 2884431317 a composite number?
True
Is 9826357943 prime?
True
Is 98667329 composite?
True
Is 77248285 a prime number?
False
Is 38355131561 a composite number?
False
Is 26566588141 a composite number?
False
Is 6210823967 a composite number?
False
Is 12364507867 a composite number?
False
Is 1812114149 a composite number?
True
Is 1287111649 a prime number?
False
Is 2662201937 a composite number?
False
Is 805191203 a composite number?
True
Is 20440623979 prime?
True
Is 38921177639 a prime number?
True
Is 1482599653 a composite number?
False
Is 9108691927 composite?
False
Is 22941105589 composite?
False
Is 55651021 a prime number?
False
Is 17776296287 a prime number?
True
Is 18176503841 prime?
True
Is 149338279 a prime number?
True
Is 9874595047 composite?
True
Is 15135969911 prime?
False
Is 8577465599 composite?
False
Is 22016213117 prime?
True
Is 46158676162 a composite number?
T